465179 prime?
False
Is 4139164031 composite?
True
Is 9014971721 a composite number?
True
Is 37212401929 prime?
True
Is 12793273939 a prime number?
False
Is 13424922011 prime?
True
Is 1352453873 a prime number?
False
Is 8028740891 composite?
True
Is 39047615473 a prime number?
True
Is 12079734379 composite?
False
Is 4131308729 a prime number?
True
Is 505965041 a prime number?
False
Is 158615291 prime?
False
Is 2172531199 a prime number?
True
Is 3401411513 prime?
False
Is 6996251 a composite number?
True
Is 1069560983 prime?
True
Is 1664350489 prime?
False
Is 306753217 prime?
False
Is 227635816211 a prime number?
True
Is 839239711 a prime number?
False
Is 17749039381 a prime number?
True
Is 8151560771 a composite number?
False
Is 47747365277 a composite number?
False
Is 1062712969 a prime number?
True
Is 39042379787 prime?
True
Is 6137758961 a composite number?
False
Is 4107723023 a prime number?
True
Is 234849593 composite?
True
Is 2811317051 composite?
False
Is 480104580741 a prime number?
False
Is 426100693 a composite number?
False
Is 32675453249 prime?
False
Is 1854397261 prime?
True
Is 5307108377 a composite number?
False
Is 4973525009 a composite number?
False
Is 3673579771 a prime number?
True
Is 7718692749 prime?
False
Is 20962603787 a composite number?
False
Is 46791776917 prime?
True
Is 49709756581 composite?
False
Is 397859947 prime?
False
Is 4657975953 a composite number?
True
Is 133154803 composite?
True
Is 1268054593 a composite number?
True
Is 109690915783 prime?
True
Is 999259967 composite?
False
Is 409575011 a prime number?
True
Is 626276333 composite?
False
Is 10250717941 composite?
False
Is 4083491639 a prime number?
True
Is 5068743787 composite?
True
Is 21094662305 a composite number?
True
Is 995964503 a composite number?
False
Is 670826539 a prime number?
False
Is 1658552057 a composite number?
True
Is 418140521 a composite number?
False
Is 212117611 composite?
True
Is 44868320069 prime?
False
Is 24666497123 prime?
False
Is 1334560366 a prime number?
False
Is 3830014231 prime?
True
Is 3461136491 composite?
False
Is 20549991299 a prime number?
True
Is 16595623063 prime?
True
Is 26420785597 a prime number?
False
Is 301848329 a prime number?
True
Is 20873966801 a composite number?
False
Is 16628777719 a prime number?
False
Is 2474970167 a prime number?
False
Is 4095207029 composite?
False
Is 4904807521 a composite number?
False
Is 3979523281 prime?
True
Is 83068481677 a composite number?
False
Is 2490934813 prime?
True
Is 1208149463 prime?
True
Is 6384239129 prime?
True
Is 12856300879 prime?
False
Is 8955973967 prime?
True
Is 158743339 composite?
True
Is 1659240829 prime?
False
Is 723068611 prime?
True
Is 806065639 prime?
False
Is 108800175257 a prime number?
True
Is 94216471109 composite?
False
Is 330567349 a prime number?
False
Is 47245187497 prime?
True
Is 151379269 prime?
True
Is 1279485049 composite?
True
Is 23023423601 prime?
False
Is 2924823877 composite?
True
Is 67401587 composite?
True
Is 7562826563 composite?
True
Is 64713554869 a prime number?
False
Is 6586579793 prime?
True
Is 12845408477 a composite number?
True
Is 290548991 composite?
False
Is 8396609513 composite?
False
Is 38070019019 prime?
True
Is 3066128599 prime?
False
Is 692372017 prime?
True
Is 548047345 a prime number?
False
Is 30349757101 a composite number?
False
Is 9725925499 composite?
True
Is 322025147 a composite number?
False
Is 310612727 prime?
True
Is 2374194569 composite?
True
Is 81929551 composite?
True
Is 53876582377 prime?
False
Is 6493063531 composite?
True
Is 5215076461 a composite number?
True
Is 2922965393 a prime number?
False
Is 16072422917 a composite number?
False
Is 694386569 prime?
True
Is 40506256871 composite?
False
Is 9932760727 a prime number?
True
Is 85302853 prime?
True
Is 20430152945 prime?
False
Is 26096208979 prime?
True
Is 275899049 composite?
True
Is 933583927 a prime number?
True
Is 288960041 a prime number?
True
Is 1061082961 a composite number?
True
Is 3225695219 composite?
True
Is 2310689093 a prime number?
False
Is 270434987 a composite number?
False
Is 2466564481 prime?
False
Is 621668951 composite?
False
Is 38650764803 a composite number?
True
Is 9829368827 a composite number?
False
Is 16702901069 a prime number?
False
Is 41108701 a composite number?
False
Is 6839090509 a prime number?
False
Is 1790723989 a prime number?
False
Is 11858084387 a composite number?
False
Is 43106227889 a composite number?
True
Is 92383789 a prime number?
False
Is 487470281 a composite number?
True
Is 2189482067 prime?
False
Is 1242363721 composite?
False
Is 6770795167 a prime number?
False
Is 1451798735 a prime number?
False
Is 1329944069 a prime number?
True
Is 8300793667 prime?
True
Is 733862253 prime?
False
Is 148071179603 composite?
False
Is 6056196767 prime?
True
Is 4464807901 a composite number?
True
Is 6013377833 a prime number?
True
Is 9062670451 composite?
False
Is 885345037 a prime number?
False
Is 2650174711 prime?
False
Is 550238831 a composite number?
False
Is 610562657 composite?
False
Is 7539709721 prime?
True
Is 5518832759 prime?
False
Is 8879517317 composite?
True
Is 164672477 composite?
False
Is 70449217673 a prime number?
False
Is 1755205213 a prime number?
False
Is 3084544837 a prime number?
False
Is 1164714679 prime?
False
Is 1032163367 a prime number?
True
Is 3445368419 prime?
True
Is 2915770371 a composite number?
True
Is 1310112137 composite?
True
Is 634538479 composite?
False
Is 11225260241 prime?
False
Is 65406270487 a composite number?
True
Is 3609191249 prime?
True
Is 1261885793 a prime number?
False
Is 3144829157 composite?
False
Is 9074395943 composite?
True
Is 928095169 a prime number?
True
Is 235201755761 composite?
True
Is 1942175903 prime?
True
Is 72428171477 a prime number?
True
Is 7129141769 a composite number?
False
Is 2408156549 composite?
True
Is 275232710705 a composite number?
True
Is 1100572043 prime?
True
Is 3281815049 prime?
True
Is 38394313253 prime?
False
Is 2951440699 a prime number?
False
Is 2436140153 a composite number?
False
Is 15721475507 a composite number?
False
Is 606084929 prime?
True
Is 369796201 a composite number?
False
Is 3325210957 prime?
False
Is 427515587 a prime number?
True
Is 2485434283 a prime number?
False
Is 3598312691 a composite number?
False
Is 664355177 a composite number?
False
Is 36804597419 composite?
False
Is 743355586 prime?
False
Is 64200856309 composite?
False
Is 54447373 a prime number?
True
Is 397753297 a composite number?
True
Is 33604986999 a composite number?
True
Is 258472037 composite?
True
Is 437009761 a prime number?
False
Is 7976583529 prime?
False
Is 1473243951 composite?
True
Is 138532709 prime?
False
Is 2839896863 prime?
True
Is 16716617921 composite?
True
Is 1210502393 a prime number?
True
Is 139671589 a composite number?
True
Is 111302639 prime?
False
Is 4194070831 a composite number?
True
Is 4009273799 prime?
True
Is 10252740961 composite?
False
Is 30942859 composite?
True
Is 6581511681 prime?
False
Is 21949398085 composite?
True
Is 2222280689 composite?
False
Is 10368196097 composite?
True
Is 3599732197 a prime number?
True
Is 1207877129 a prime number?
True
Is 46823122121 a composite number?
False
Is 28894480421 prime?
True
Is 8891703913 prime?
True
Is 885343519 prime?
True
Is 218837307823 a prime number?
True
Is 29899900619 a prime number?
True
Is 14522033 a prime number?
True
Is 2649261017 prime?
False
Is 1757677237 composite?
False
Is 128500163787 a prime number?
False
Is 8017668381 a prime number?
False
Is 4321287833 prime?
True
Is 107616806335 a composite number?
True
Is 13832243357 a composite number?
False
Is 1210575187 prime?
True
Is 6273712033 composite?
False
Is 5402928007 a composite number?
True
Is 1207654523 prime?
True
Is 21155156639 a composite number?
False
Is 382983199 a composite number?
True
Is 508494731 a composite number?
False
Is 37310642013 a composite number?
True
Is 5065512503 composite?
False
Is 6343708081 a prime number?
False
Is 764856181 composite?
True
Is 522194671 prime?
False
Is 92174975813 a composite number?
True
Is 118031724581 composite?
False
Is 103171037 prime?
True
Is 365493397 a prime number?
False
Is 544838197 prime?
True
Is 258284249 a composite number?
False
Is 12585017017 composite?
True
Is 